{"id":614,"date":"2023-10-18T11:14:18","date_gmt":"2023-10-18T09:14:18","guid":{"rendered":"https:\/\/yupendievent.com\/?page_id=614"},"modified":"2023-10-18T11:19:41","modified_gmt":"2023-10-18T09:19:41","slug":"droits-dauteur","status":"publish","type":"page","link":"https:\/\/yupendievent.com\/index.php\/droits-dauteur\/","title":{"rendered":"Droits d&rsquo;auteur"},"content":{"rendered":"\t\t<div data-elementor-type=\"wp-page\" data-elementor-id=\"614\" class=\"elementor elementor-614\">\n\t\t\t\t\t\t\t\t\t<section class=\"elementor-section elementor-top-section elementor-element elementor-element-488fe2f elementor-section-boxed elementor-section-height-default elementor-section-height-default\" data-id=\"488fe2f\" data-element_type=\"section\">\n\t\t\t\t\t\t<div class=\"elementor-container elementor-column-gap-default\">\n\t\t\t\t\t<div class=\"elementor-column elementor-col-100 elementor-top-column elementor-element elementor-element-c220b49\" data-id=\"c220b49\" data-element_type=\"column\">\n\t\t\t<div class=\"elementor-widget-wrap elementor-element-populated\">\n\t\t\t\t\t\t\t\t<div class=\"elementor-element elementor-element-aaabf3d elementor-widget elementor-widget-spacer\" data-id=\"aaabf3d\" data-element_type=\"widget\" data-widget_type=\"spacer.default\">\n\t\t\t\t<div class=\"elementor-widget-container\">\n\t\t\t<style>\/*! elementor - v3.11.2 - 22-02-2023 *\/\n.elementor-column .elementor-spacer-inner{height:var(--spacer-size)}.e-con{--container-widget-width:100%}.e-con-inner>.elementor-widget-spacer,.e-con>.elementor-widget-spacer{width:var(--container-widget-width,var(--spacer-size));--align-self:var(--container-widget-align-self,initial);--flex-shrink:0}.e-con-inner>.elementor-widget-spacer>.elementor-widget-container,.e-con-inner>.elementor-widget-spacer>.elementor-widget-container>.elementor-spacer,.e-con>.elementor-widget-spacer>.elementor-widget-container,.e-con>.elementor-widget-spacer>.elementor-widget-container>.elementor-spacer{height:100%}.e-con-inner>.elementor-widget-spacer>.elementor-widget-container>.elementor-spacer>.elementor-spacer-inner,.e-con>.elementor-widget-spacer>.elementor-widget-container>.elementor-spacer>.elementor-spacer-inner{height:var(--container-widget-height,var(--spacer-size))}<\/style>\t\t<div class=\"elementor-spacer\">\n\t\t\t<div class=\"elementor-spacer-inner\"><\/div>\n\t\t<\/div>\n\t\t\t\t<\/div>\n\t\t\t\t<\/div>\n\t\t\t\t<div class=\"elementor-element elementor-element-5efd4b8 elementor-widget elementor-widget-heading\" data-id=\"5efd4b8\" data-element_type=\"widget\" data-widget_type=\"heading.default\">\n\t\t\t\t<div class=\"elementor-widget-container\">\n\t\t\t<style>\/*! elementor - v3.11.2 - 22-02-2023 *\/\n.elementor-heading-title{padding:0;margin:0;line-height:1}.elementor-widget-heading .elementor-heading-title[class*=elementor-size-]>a{color:inherit;font-size:inherit;line-height:inherit}.elementor-widget-heading .elementor-heading-title.elementor-size-small{font-size:15px}.elementor-widget-heading .elementor-heading-title.elementor-size-medium{font-size:19px}.elementor-widget-heading .elementor-heading-title.elementor-size-large{font-size:29px}.elementor-widget-heading .elementor-heading-title.elementor-size-xl{font-size:39px}.elementor-widget-heading .elementor-heading-title.elementor-size-xxl{font-size:59px}<\/style><h2 class=\"elementor-heading-title elementor-size-default\">Protections de droits d'auteur<\/h2>\t\t<\/div>\n\t\t\t\t<\/div>\n\t\t\t\t<div class=\"elementor-element elementor-element-159d961 elementor-widget elementor-widget-text-editor\" data-id=\"159d961\" data-element_type=\"widget\" data-widget_type=\"text-editor.default\">\n\t\t\t\t<div class=\"elementor-widget-container\">\n\t\t\t<style>\/*! elementor - v3.11.2 - 22-02-2023 *\/\n.elementor-widget-text-editor.elementor-drop-cap-view-stacked .elementor-drop-cap{background-color:#818a91;color:#fff}.elementor-widget-text-editor.elementor-drop-cap-view-framed .elementor-drop-cap{color:#818a91;border:3px solid;background-color:transparent}.elementor-widget-text-editor:not(.elementor-drop-cap-view-default) .elementor-drop-cap{margin-top:8px}.elementor-widget-text-editor:not(.elementor-drop-cap-view-default) .elementor-drop-cap-letter{width:1em;height:1em}.elementor-widget-text-editor .elementor-drop-cap{float:left;text-align:center;line-height:1;font-size:50px}.elementor-widget-text-editor .elementor-drop-cap-letter{display:inline-block}<\/style>\t\t\t\t<p><strong>Derni\u00e8re mise \u00e0 jour : 18\/10\/2023<\/strong><\/p><p>Bienvenue sur le site web de Yupendi Event. Cette politique a pour but de vous informer sur nos pratiques en mati\u00e8re de droits d&rsquo;auteur concernant les photos et vid\u00e9os que vous pouvez trouver sur notre site. Nous accordons une grande importance au respect des droits d&rsquo;auteur et encourageons nos visiteurs \u00e0 en faire de m\u00eame.<\/p><ol><li><p><strong>Droits d&rsquo;Auteur et Propri\u00e9t\u00e9 Intellectuelle<\/strong><\/p><p>a. Tous les contenus, y compris, mais sans s&rsquo;y limiter, les images, les photographies, les vid\u00e9os, les textes, les logos et les designs (collectivement appel\u00e9s \u00ab\u00a0Contenu\u00a0\u00bb) publi\u00e9s sur le site de Yupendi Event sont prot\u00e9g\u00e9s par les lois sur les droits d&rsquo;auteur et\/ou d&rsquo;autres lois sur la propri\u00e9t\u00e9 intellectuelle applicables.<\/p><p>b. Yupendi Event d\u00e9tient les droits d&rsquo;auteur ou les licences appropri\u00e9es pour l&rsquo;utilisation de tout le Contenu publi\u00e9 sur le site. Tous les droits sont r\u00e9serv\u00e9s, sauf indication contraire.<\/p><\/li><li><p><strong>Utilisation du Contenu<\/strong><\/p><p>a. Vous pouvez consulter, t\u00e9l\u00e9charger et imprimer des copies du Contenu \u00e0 des fins personnelles, non commerciales, \u00e0 condition de conserver intactes toutes les mentions de droits d&rsquo;auteur et autres avis de propri\u00e9t\u00e9.<\/p><p>b. Toute utilisation du Contenu \u00e0 des fins commerciales, y compris la reproduction, la distribution, la modification, la cr\u00e9ation d&rsquo;\u0153uvres d\u00e9riv\u00e9es, la publication, la transmission ou l&rsquo;affichage public, est strictement interdite sans l&rsquo;autorisation \u00e9crite pr\u00e9alable de Yupendi Event ou du titulaire des droits d&rsquo;auteur.<\/p><\/li><li><p><strong>Droits d&rsquo;Auteur des Utilisateurs<\/strong><\/p><p>a. Si vous t\u00e9l\u00e9chargez, soumettez ou partagez du Contenu sur le site de Yupendi Event, vous garantissez que vous d\u00e9tenez les droits d&rsquo;auteur appropri\u00e9s ou les licences n\u00e9cessaires pour ce Contenu.<\/p><p>b. Yupendi Event ne revendique aucun droit de propri\u00e9t\u00e9 sur le Contenu que vous soumettez, mais en t\u00e9l\u00e9chargeant ou en soumettant du Contenu sur notre site, vous accordez \u00e0 Yupendi Event une licence mondiale, non exclusive, libre de redevances, perp\u00e9tuelle et irr\u00e9vocable pour utiliser, reproduire, modifier, adapter, publier, traduire, distribuer et afficher ce Contenu sur le site de Yupendi Event et sur tout autre support associ\u00e9.<\/p><\/li><li><p><strong>Signalement de Violations des Droits d&rsquo;Auteur<\/strong><\/p><p>a. Yupendi Event respecte les droits d&rsquo;auteur d&rsquo;autrui. Si vous croyez que du Contenu publi\u00e9 sur notre site enfreint vos droits d&rsquo;auteur, veuillez nous contacter imm\u00e9diatement \u00e0 l&rsquo;adresse [Votre Adresse Email] avec les informations suivantes :<\/p><p>i. Une description du Contenu en question et son emplacement sur le site. ii. Votre nom, adresse, num\u00e9ro de t\u00e9l\u00e9phone et adresse e-mail. iii. Une d\u00e9claration indiquant que vous croyez de bonne foi que l&rsquo;utilisation contest\u00e9e n&rsquo;est pas autoris\u00e9e par le titulaire des droits d&rsquo;auteur, son agent ou la loi. iv. Une d\u00e9claration affirmant que les informations fournies dans votre notification sont exactes et que vous \u00eates le titulaire des droits d&rsquo;auteur ou que vous \u00eates autoris\u00e9 \u00e0 agir au nom du titulaire des droits d&rsquo;auteur.<\/p><\/li><li><p><strong>Modification de la Politique sur les Droits d&rsquo;Auteur<\/strong><\/p><p>a. Yupendi Event se r\u00e9serve le droit de modifier cette politique \u00e0 tout moment. Les modifications prendront effet d\u00e8s leur publication sur le site. Nous vous encourageons \u00e0 v\u00e9rifier r\u00e9guli\u00e8rement cette politique pour rester inform\u00e9 des derni\u00e8res mises \u00e0 jour.<\/p><\/li><\/ol><p>En utilisant le site de Yupendi Event, vous acceptez cette politique sur les droits d&rsquo;auteur. Si vous ne l&rsquo;acceptez pas, veuillez ne pas utiliser notre site. Si vous avez des questions ou des pr\u00e9occupations concernant cette politique, veuillez nous contacter \u00e0 l&rsquo;adresse contact@yupendievent.com<\/p><p>Merci d&rsquo;avoir choisi Yupendi Event comme source d&rsquo;information et de divertissement. Nous esp\u00e9rons que vous appr\u00e9cierez notre site en respectant les droits d&rsquo;auteur et la propri\u00e9t\u00e9 intellectuelle.<\/p><p>\u00a0<\/p>\t\t\t\t\t\t<\/div>\n\t\t\t\t<\/div>\n\t\t\t\t\t<\/div>\n\t\t<\/div>\n\t\t\t\t\t\t\t<\/div>\n\t\t<\/section>\n\t\t\t\t\t\t\t<\/div>\n\t\t","protected":false},"excerpt":{"rendered":"<p>Protections de droits d&rsquo;auteur Derni\u00e8re mise \u00e0 jour : 18\/10\/2023 Bienvenue sur le site web de Yupendi Event. Cette politique a pour but de vous informer sur nos pratiques en mati\u00e8re de droits d&rsquo;auteur concernant les photos et vid\u00e9os que vous pouvez trouver sur notre site. Nous accordons une grande importance au respect des droits [&hellip;]<\/p>\n","protected":false},"author":1,"featured_media":0,"parent":0,"menu_order":0,"comment_status":"closed","ping_status":"closed","template":"","meta":{"_et_pb_use_builder":"","_et_pb_old_content":"","_et_gb_content_width":"","footnotes":""},"_links":{"self":[{"href":"https:\/\/yupendievent.com\/index.php\/wp-json\/wp\/v2\/pages\/614"}],"collection":[{"href":"https:\/\/yupendievent.com\/index.php\/wp-json\/wp\/v2\/pages"}],"about":[{"href":"https:\/\/yupendievent.com\/index.php\/wp-json\/wp\/v2\/types\/page"}],"author":[{"embeddable":true,"href":"https:\/\/yupendievent.com\/index.php\/wp-json\/wp\/v2\/users\/1"}],"replies":[{"embeddable":true,"href":"https:\/\/yupendievent.com\/index.php\/wp-json\/wp\/v2\/comments?post=614"}],"version-history":[{"count":7,"href":"https:\/\/yupendievent.com\/index.php\/wp-json\/wp\/v2\/pages\/614\/revisions"}],"predecessor-version":[{"id":624,"href":"https:\/\/yupendievent.com\/index.php\/wp-json\/wp\/v2\/pages\/614\/revisions\/624"}],"wp:attachment":[{"href":"https:\/\/yupendievent.com\/index.php\/wp-json\/wp\/v2\/media?parent=614"}],"curies":[{"name":"wp","href":"https:\/\/api.w.org\/{rel}","templated":true}]}}